d(c) = -c**2 + 7*c - 2. Let u be d(6). Let o(m) = u - 12 - 3*m + 0*m. Is o(-6) a composite number?
True
Let m(i) = -51*i + 48. Is m(-15) prime?
False
Let q(j) = -j**2 + 7*j - 3. Let n be q(6). Suppose 0 = n*w - p - 0*p + 37, -3*p = w + 9. Let h = w - -35. Is h a prime number?
True
Suppose -244 = 2*s - 1044. Suppose -4*w = -4*g - 272, 5*w + 3*g - s = -84. Is w composite?
True
Let b = -26 - -29. Is b composite?
False
Suppose f = 2*u - f, 0 = -5*f + 15. Suppose 2*p = y - 17, -y - 3*y + u = 5*p. Is y a prime number?
True
Suppose 8*q = 145 + 823. Is q prime?
False
Suppose -179*w = -184*w + 5975. Is w a prime number?
False
Is 12/(-36)*(-6501)/1 a prime number?
False
Suppose 38 = -2*g - 50. Let b = 289 - 190. Let d = g + b. Is d a composite number?
True
Let l be -4 - -3 - 3 - 0. Let r be ((-101)/3)/(2/12). Is l/18 + r/(-18) a prime number?
True
Let y = 343 - 186. Is y a prime number?
True
Let q be (-2)/(-8) + (-7)/(-4). Let w(s) = 3*s - 3. Let x be w(q). Suppose -n - 28 = -x*n. Is n prime?
False
Suppose -5*l + 6 = -5*c + 26, -3*c = -5*l - 10. Let v = 0 - l. Is -2 - (66/(-3) - v) composite?
False
Suppose -3*o + 8*o - 748 = -2*g, 4*o = g - 387. Is g a prime number?
True
Suppose -2*y + i = -1810, 5*y - 4*i - 1897 = 2622. Is y prime?
True
Let g(x) = -x**3 - x**2 + 2*x - 4. Let j be g(0). Let k(r) = 9*r**2 + 8*r + 3. Is k(j) a composite number?
True
Let f(q) = q**2 - 14*q - 2. Let j be f(14). Let v(s) = -117*s - 12. Let z(d) = -29*d - 3. Let a(t) = -2*v(t) + 9*z(t). Is a(j) a composite number?
True
Is (-3 - -5)*(1561/2)/7 composite?
False
Suppose -495 = -3*l + 921. Suppose 0 = 5*u - l - 253. Is u composite?
True
Suppose -11665 = 35*w - 40*w. Is w composite?
False
Let r = 40 + -16. Suppose 0 = 3*b - r - 39. Is b a prime number?
False
Suppose -2*l - 1008 = -4*k, 5*k + 3*l = -2*l + 1275. Is k a prime number?
False
Let n = -2 - -9. Is n a prime number?
True
Suppose 3*a - 4*f - 3093 = 0, f + 547 = 5*a - 4591. Suppose 0*u - 3*u = -4*d - a, -4*d = -u + 353. Is u a prime number?
True
Let m(z) = z**3 + 4*z**2 - 7. Let s be m(-3). Suppose -s*u + 146 = b - 5*u, 2*u + 403 = 3*b. Is b a composite number?
False
Is (79/(-2))/((-8)/16) composite?
False
Let h(a) = -a**3 + 4*a**2 + 3*a - 3. Let g be h(2). Suppose -g = -k + 3*m, -2*k - m = 2*k - 18. Suppose 5 = -5*l + 3*d + 118, -5*l - k*d = -105. Is l composite?
True
Let p(l) = 456*l + 13. Is p(8) composite?
True
Let i = -252 - -365. Suppose -i = -3*l + 109. Suppose 2*p = -2*q + 6*q + l, 2*p = -4*q + 82. Is p prime?
False
Suppose -2*s - 3 = -11. Suppose 4*y - s*a - 200 = 0, 2*y + 2*a - 229 = -3*y. Is y a prime number?
True
Suppose 4*c = 27 + 5. Suppose 445 = -3*l + c*l. Suppose 0 = -4*h - 4*s + 241 + 15, h - l = 4*s. Is h prime?
False
Let p = -6 - -10. Suppose 2712 = p*k + u, -5*k + 5*u + 176 + 3239 = 0. Is k a prime number?
False
Suppose 0 = -4*r - 4*j + 15 + 5, 0 = -3*j + 9. Suppose 4*u - 2*l = -u - 10, 4*u - r*l = -10. Suppose u*h = -4*h + 476. Is h composite?
True
Let f(z) = -z - 4. Let o be f(-6). Suppose 12 = 2*y + o*y. Is y prime?
True
Let x = -9 + 10. Let s be (2 - 1)*29/x. Let z = s - 10. Is z composite?
False
Let t be 1/(-1*1/367). Suppose -f = 41 + 217. Let r = f - t. Is r a composite number?
False
Let v = -9 + 17. Let z(m) be the second derivative of -m**5/20 + 2*m**4/3 + m**3/2 + 9*m**2/2 - m. Is z(v) composite?
True
Let o(l) be the third derivative of l**6/120 + 13*l**5/60 - l**4/12 - 11*l**3/6 - 4*l**2. Is o(-9) a composite number?
False
Let r(t) = 3*t - 5*t - 7*t**2 + 5*t**2 + 1 - 7 + t**3. Is r(5) composite?
False
Let h(b) = -12*b**3 - 5*b - 4. Suppose -2*y - r = -3 + 13, 21 = -3*y - 3*r. Is h(y) a prime number?
False
Suppose -3 = 3*a, -5*l - 6 = 2*a - 29. Let r = 3 - l. Let k(n) = 12*n**2 + 3*n + 1. Is k(r) prime?
True
Suppose -3*x + 5*x - 5*g = 1159, -3*g = 5*x - 2944. Is x a prime number?
True
Let h(t) = 4*t - 6. Let m be h(6). Let u = m + 16. Is u a composite number?
True
Suppose q - 2*i - 15 = 4*q, 0 = -3*q - 5*i - 15. Let j = q + 12. Is j prime?
True
Suppose -m = -3*y + 2*m + 2961, -4*y + 3976 = 3*m. Is y a prime number?
True
Let y = 1 - 2. Let f(s) = -1 + 47*s**2 + 94*s**2 - 51*s**2. Is f(y) a composite number?
False
Suppose -3*m = g - 163, -4*m - 362 = -2*g - m. Let b = g + 12. Is b composite?
True
Suppose g + 13 = -2*k, 5*g = -2*k - 3*k - 55. Suppose -5*n - 43 = -d, -7*n = 3*d - 2*n - 209. Is d - 3/(g/6) a composite number?
True
Let k(s) = 5*s**2 - 4*s + 5. Is k(-9) a prime number?
False
Let g(f) = 678*f - 19. Is g(6) composite?
False
Suppose -217 - 543 = 5*j. Let t = -57 - j. Is t a composite number?
True
Suppose 5*q = -2*h + 1552 - 276, -2*q + 3*h = -499. Is q a prime number?
False
Let n be (6 - 5)/(1/4). Let l(i) = -5 + 0*i**2 + 3*i**2 + 6*i - 4*i**2 + i**3. Is l(n) composite?
False
Let s(c) = -3*c**2 + 2*c + 2. Let k be s(2). Is 2151/k*(-2)/3 prime?
True
Let k(j) = 5 + 9*j - 9*j**2 - j**3 - 9 - 6 + 4*j. Is k(-11) prime?
True
Let g = 11 - 9. Let s be (-36)/(-8)*(-4)/(-3). Suppose -2*t + s*l = 3*l - 72, -5*l = -g*t + 76. Is t prime?
False
Suppose -4*k - 100 = k. Let p = k - -33. Is p composite?
False
Is 1*(3204/5 - (-3)/15) composite?
False
Let s be (18/4)/(6/8). Let h be 2*((-9)/s)/(-1). Suppose 0 = h*w - 28 - 65. Is w prime?
True
Let u(n) be the second derivative of 59*n**4/12 - n**3/6 - n**2/2 - 4*n. Is u(-1) composite?
False
Suppose 4584 = 9*h - 2967. Is h prime?
True
Let h = 422 + -235. Suppose -2*t + h = -t. Suppose 32 - t = -5*k. Is k composite?
False
Let m(u) = 8*u**3 - 2*u**2 - 11*u + 10. Is m(4) a prime number?
False
Suppose -2*p + 6919 - 825 = 0. Is p composite?
True
Suppose -34 - 168 = -o. Suppose -15 - o = -c. Is c prime?
False
Let x(b) = b**3 - 11*b**2 + 15*b - 13. Is x(16) composite?
True
Is (-664)/(-9) + 18/81 a prime number?
False
Let g(a) = 4*a - 8. Let m = -3 + 9. Let c be g(m). Suppose 2*d - 4*r = 7*d - c, -d - 3*r = -1. Is d a prime number?
False
Let c(r) = -33*r - 2. Let x be 50/15*6/(-4). Is c(x) a prime number?
True
Is (-4 - -7)*1934/6 a prime number?
True
Let y(s) = -3*s + 3. Let w be y(2). Let n = w + 5. Suppose n*i - 6 = 0, -4*i + 3*i = -2*z + 71. Is z composite?
False
Suppose -22 = -6*t + 4*t - 3*s, 0 = 5*t - 5*s - 5. Suppose 0 = -3*j + 6, 2*a + t + 13 = -5*j. Is 471/7 + 4/a prime?
True
Suppose 0 = -3*h + 1266 + 1665. Is h prime?
True
Suppose -4 = -4*x - 4*f, 0 = -3*f - 2*f - 10. Is (-1)/((-1)/(39/x)) composite?
False
Suppose -n = -3*x + 17, x = 4*x - 12. Let d(k) = -3*k**3 + k - 3*k**2 - 1 + 2*k**3 + 5*k. Is d(n) prime?
True
Let x(a) = 14*a**2 + a - 3. Let y(p) = 42*p**2 + 2*p - 10. Let c(h) = -17*x(h) + 6*y(h). Is c(-4) composite?
True
Let y(b) = b + 1. Let q(x) = x**3 - 3*x**2 + 2*x - 3. Let j(v) = q(v) + 2*y(v). Suppose 5*c - 5*k + 5 = 0, -2*k = 2*c + 3*k - 33. Is j(c) composite?
False
Let v be (2 - (1 + -5))*1. Let s(o) = -3*o + 6*o - 1 - 7. Is s(v) prime?
False
Suppose s + 4*k - 487 = 0, 0*s - 475 = -s + 2*k. Is s prime?
True
Let d = -134 - -397. Is d a composite number?
False
Suppose -6*i = -0*i - 414. Is i a composite number?
True
Let l(y) = 3*y + 0 + 1 + 2*y**2 + 0 + 3. Is l(-5) composite?
True
Suppose -2*s = -0 - 8, -2*n = -4*s + 22. Let j be ((-57)/(-4))/(n/(-40)). Let b = j - -33. Is b prime?
True
Let n(q) = 7*q - 2. Let i be n(2). Let v = -8 + i. Suppose 75 + 121 = v*f. Is f composite?
True
Suppose p + 4*y - 206 = 1065, 2*p = 2*y + 2512. Is p composite?
False
Suppose 3*l = m + 4*m - 3, -3*m + 3*l = -3. Suppose -121 = -m*k - k. Is k prime?
False
Let i(x) = 90*x - 1. Suppose p - 2 = -4*m - 1, -2*m = 0. Is i(p) a composite number?
False
Let r = 1 + 63. Let c = r + -11. Is c a prime number?
True
Let m(g) be the third derivative of -g**6/90 - 7*g**5/120 - g**4/8 + 4*g**2. Let i(s) be the second derivative of m(s). Is i(-7) composite?
True
Let k(d) = -10*d + 4*d - 169*d**3 - 1 + 5*d. Is k(-1) a composite number?
True
Suppose -7192 = -4*u + 4*i, -4*u - 2*i - 7190 = -8*u. Is u a prime number?
False
Let s(a) = 8*a - 3*a - 3*a - 3. Is s(3) a composite number?
False
Suppose -6294 = -5*b - b. Is b a composite number?
False
Suppose -4*j + 558 + 2238 = 0. Is j a composite number?
True
Let h = -115 + 31. Let c be 2/4*h/(-7). Is 77 - (-2 - c/(-3)) a prime number?
False
Let i(h) be the third derivative of 15*h**4/8 + h**3/6 + 3*h**2. Suppose 4*s = -2*k + 18, -22 = -5